 What is the units digit of z?
1
Let w(d) = 0*d**2 - 3*d + 2*d**2 + 1 + 2*d**2. Suppose 4*c = -4*p + 4, 0*c + 3*c - 2*p = 8. What is the tens digit of w(c)?
1
Let p(b) = b**2 + 7*b + 2. What is the units digit of p(-7)?
2
Let w be -68 + (-3 - -1) + 2. What is the units digit of (-4 - w/10)*10?
8
Suppose -2*l - 17 = 3*d + 3*l, 2*d = -4*l - 14. What is the tens digit of (d + 16)/1 - -2?
1
Let o = -3 - -5. Let h(f) = -3*f**3 - f**2 - 2*f - 1. Let s be h(-1). Let d = s + o. What is the units digit of d?
5
Let c = 51 + -83. Suppose 0 = 6*m - 2*m + 12. What is the units digit of (c/(-12))/((-2)/m)?
4
Let m = 72 + -58. What is the units digit of m?
4
Suppose 5 = 2*p - p. Suppose -3*g = 3*m - 21, -2*g = p*m - 32 + 6. Suppose g*u = u + 4. What is the units digit of u?
2
Let o(l) = -l**3 - 2*l**2 + l + 2. Let m be o(-2). Suppose m = 2*h - 6*h + 16. What is the units digit of h?
4
Suppose -5*y - 2 = -6*y. What is the units digit of y?
2
Suppose -c + 3*c - 38 = b, 0 = -2*b - 8. Let z = 26 - c. What is the units digit of z?
9
Suppose 3 = 5*i - 7. Let q(c) = -5*c - 4*c + 3 + 2*c**i + c. What is the tens digit of q(5)?
1
Suppose -3*w + 24 = -0*d + 3*d, 2*d + 40 = 5*w. Suppose w - 313 = -5*b. What is the tens digit of b?
6
Suppose a = 3*a + 4*r + 12, -11 = a + 3*r. Let n(s) = -4*s**2 + 2*s - 4 + s**3 - 5*s + 5*s. What is the units digit of n(a)?
4
Suppose -2*z - 3*z = 20. Let v = z - 5. What is the units digit of 2/3 - 57/v?
7
Suppose -80 = -2*f - 18. What is the units digit of f?
1
What is the units digit of (19 - 23) + 1*10?
6
Let k be ((-2)/(-8))/((-5)/(-20)). What is the units digit of ((-3)/(-1) + -2)*k?
1
Let n = 134 - 86. What is the units digit of n?
8
Let j = -139 + 215. What is the tens digit of j?
7
Let i be (-2)/1 + 2 + 0. Let d = 40 - i. Suppose 3*x - 4*m = 35, 2*x = -x + 5*m + d. What is the units digit of x?
5
Suppose 2*l = -l - 9. Let r = 3 + l. Suppose 0*n + n - 5 = r. What is the units digit of n?
5
Suppose 6*t - t = 3*o - 280, -o = 4*t - 82. What is the tens digit of o/7 + 1/7?
1
Let w(m) = 4 + 2*m**2 - 13*m - 5*m**2 - m**3 - 10*m**2. What is the units digit of w(-12)?
6
Let g = -127 - -228. What is the hundreds digit of g?
1
Let g = -80 + 133. What is the units digit of g?
3
Let b(z) be the second derivative of -z**5/60 + 7*z**4/24 - 5*z**3/6 + z**2 + 2*z. Let k(p) be the first derivative of b(p). What is the units digit of k(4)?
7
Let k(s) be the third derivative of s**5/60 - s**4/3 - 13*s**3/6 + 2*s**2. Let u be k(11). Suppose 4*c + 0*c - u = 0. What is the units digit of c?
5
Let c(p) = -p**3 + 8*p**2 + 2*p - 4. What is the tens digit of c(4)?
6
Let o(s) = s**3 + 4*s**2 - 3*s - 5. Let q(d) = -d**2 + 5*d + 10. Let y be q(7). What is the units digit of o(y)?
7
Suppose 2*g = -5*x + 318, -2*g = -x - 3*x + 240. Let n = -44 + x. Suppose s + s = n. What is the units digit of s?
9
Let i(v) = -v - 3. Let z be i(-8). Let f(r) = r**2 - 7. What is the tens digit of f(z)?
1
Let l(n) = -2*n - 3. Let m be l(-3). Suppose -m*t - 9 = 0, -5*q - 27 = -2*q - 2*t. Let v = q + 19. What is the units digit of v?
8
Let y(a) = -a + a**3 + 2*a - a + 2*a - 1. What is the units digit of y(2)?
1
Suppose -306 = -2*o + r - 44, 4*o = -2*r + 516. What is the units digit of o?
0
Suppose s - 2*s + 1 = 0. Suppose -3*v + i = -v + s, 2*i - 18 = -4*v. Suppose 27 = -v*m + 5*m. What is the units digit of m?
9
Let m be (1/(1/(-7)))/(-1). Suppose 4*a - 5 = 2*b + 3, -a - m = b. Let g(u) = -u**3 - 6*u**2 - 2*u - 1. What is the tens digit of g(b)?
1
Suppose -4*r + 1 = -19. Let z = -1 + r. What is the units digit of z?
4
Suppose -5*d - 2*p = -783, 0 = -4*d + 4*p - 255 + 859. What is the hundreds digit of d?
1
Suppose 0 = -4*q + 3*x + 115, 5*x = -q + 17 + 6. What is the tens digit of q?
2
Suppose -l + 9 = -3*o + 6*o, -7 = -4*o - 3*l. Suppose -4*p + 3*h = -h - 32, 0 = h - o. Let i = p + -5. What is the units digit of i?
7
Let m(y) = 6*y**3 - 2*y - 1. Let p be m(-1). Let d = p - -15. What is the units digit of d?
0
Let i(v) = -38*v - 8. What is the tens digit of i(-4)?
4
Suppose 10 = 4*z - 6*z. Let f(j) = j + 9. Let q be f(z). Suppose 0 = 2*d - 4*b - 2, -q*d + 4*b - 3 + 7 = 0. What is the units digit of d?
1
Let b = 215 - 96. What is the units digit of b?
9
Let b = 22 - 1. What is the tens digit of b?
2
Suppose -a + 2 = -36. What is the units digit of a?
8
Suppose 4*k = -8*k + 24. What is the units digit of k?
2
Suppose -4*f - d + 4*d + 2 = 0, -f - 5*d + 12 = 0. Suppose 4*c - 100 = -4*n, -n + f*n - 125 = -5*c. What is the units digit of c?
5
Suppose 3*h - 5*k = 85, h - 6*h + 152 = 2*k. Let z = h + -17. What is the units digit of z?
3
Let w(p) = p**3 - 8*p**2 - 3*p + 1. What is the tens digit of w(10)?
7
Let g(d) = -2*d**3 - 5*d**2 + 12*d. What is the units digit of g(-5)?
5
Let n(c) = -c + 1. Suppose 3*a - 32 = 4*v, -2*v + a - 24 = 2*v. Let m(u) = u - 1. Let q(t) = v*n(t) - 6*m(t). What is the units digit of q(0)?
1
Suppose u = 2*u - 8. What is the units digit of u?
8
Let q = -2 - -2. Suppose q = 3*l - 2*l - 3. What is the units digit of l?
3
Let o be (-32)/6*36/(-4). Suppose 3*s + o = -3. Let u = -7 - s. What is the tens digit of u?
1
Let y be (-8)/(-24) + 214/6. Suppose 5*v - 2*v = y. What is the tens digit of v?
1
Let j be (-147)/15 - (-1)/(-5). Let f be (-2)/((-4)/j*-1). Suppose 4*d + 22 = -f*z + 76, -5*z - 23 = -3*d. What is the units digit of d?
1
Suppose -3*k - 3*j + 357 = 42, 4*j = 4*k - 444. What is the tens digit of k?
0
Let z be 1/(1*(-3)/51). Let l = 23 - z. Suppose 0*c = 5*c - l. What is the units digit of c?
8
Suppose -4*w - 40 = -4*z, 10*w = 5*w + 3*z - 42. What is the tens digit of (-4*2)/(4/w)?
1
Let v(d) = d**3 + 16*d**2 + 15. What is the tens digit of v(-16)?
1
Suppose 0 = -5*h + 24 + 51. What is the units digit of h?
5
Suppose -5*a + 16 = 3*x, -2*x - 7 = a + 2*x. Let m = -3 + a. What is the units digit of m?
2
Suppose -3*n + 0*n + 6 = 0. Suppose 2*t = -i + 7 + 5, -10 = -n*t. Suppose 17 = 3*m + i. What is the units digit of m?
5
Let b be 33/(-7) + 12/(-42). Let w = -5 - b. Suppose -3*o = -15, -p + 3*o = -w*p + 14. What is the units digit of p?
1
Let d(o) be the third derivative of 1/20*o**5 + 4*o**2 + 0*o + 0*o**3 + 0 - 1/24*o**4. What is the tens digit of d(2)?
1
Suppose -l + 2*l - 4*m = 26, -6 = -l - m. What is the units digit of l?
0
Let w = 241 - 80. What is the units digit of w?
1
Let s(b) = 8*b - 4. Let v be s(8). Let i be -1*(v/(-3) + 1). Let w = -13 + i. What is the units digit of w?
6
Let w(i) = -i**3 + 15*i**2 + i + 22. What is the units digit of w(15)?
7
What is the units digit of 1 + 2 + (-6 - -4)?
1
Let u(p) = -p**2 - p - 1. Let h(n) = -6*n**2 - n - 4. Let x(t) = h(t) - 5*u(t). Suppose 0*m = -2*m + 6. What is the units digit of x(m)?
4
Let g = 0 - -3. What is the tens digit of (1 - -1 - g) + 23?
2
Let n = 7 - 7. Suppose n*l + 3*l + 42 = 0. Let q = l + 24. What is the tens digit of q?
1
Let m(r) = -r**2 - 4*r - 3. Let q be m(-5). Let l = q + 24. Suppose -5*t + l = -4. What is the units digit of t?
4
Let u be (-1 + 3)*(4 + -2). Suppose -20 = u*k, -2*h + 3*h - 40 = 5*k. What is the tens digit of h?
1
Let b(u) = 7*u**2 + u + 2. Let a(m) = -m**2 - m. Let x(h) = -6*a(h) - b(h). Let f be x(4). What is the units digit of 3 + 0 + (-4)/f?
1
Suppose 5*w = -o + 86, -w - 150 = -o - o. What is the units digit of o?
6
Suppose -3*y + 4*u = 0, 5*y = 3*u + 7 + 4. Suppose -4*w + 9 = j + 2*j, y*j + 16 = 4*w. Let g = j + 7. What is the units digit of g?
6
Let i = 4 + -4. Let h(y) = y + 10. What is the units digit of h(i)?
0
Let o be 16/6 + 2/6. Suppose 0 = -4*t - 3*i - 0*i + 32, -24 = -3*t - o*i. Suppose 3*y - 4*y = -t. What is the units digit of y?
8
Let q be (-7 - -5) + 0 + 43. Suppose -5*o + 161 = q. Let l = o + -15. What is the units digit of l?
9
Let q(y) = 29*y - 9. What is the tens digit of q(3)?
7
Suppose -4*g = l - 14, -4*g + 3*l = 5*l - 12. Suppose -5*c = -g*c - 11. What is the tens digit of c?
1
Let j(u) = -u**2 - 5*u + 4. Let o be j(-4). Let m(w) = -w**3 + 8*w**2 + 3*w + 7. What is the tens digit of m(o)?
3
Let i be 3/(-9) + 8/(-12). Let y(x) = -4*x**2 - x + 8. Let h(v) = -v**2 + v. Let t(w) = i*y(w) + 3*h(w). What is the units digit of t(-6)?
4
Let o(w) = -w**2 + w + 14. Let m be o(0). Suppose 2*s + 0*s - m = 0. What is the units digit of s?
7
Let h(j) = -j +